{"id":3093,"date":"2021-02-05T15:41:44","date_gmt":"2021-02-05T14:41:44","guid":{"rendered":"https:\/\/www.centroserigrafico.it\/?page_id=3093"},"modified":"2021-08-06T11:57:37","modified_gmt":"2021-08-06T09:57:37","slug":"stampa-digitale","status":"publish","type":"page","link":"https:\/\/www.centroserigrafico.it\/index.php\/stampa-digitale\/","title":{"rendered":"STAMPA DIGITALE"},"content":{"rendered":"<p>[vc_row bg_type=&#8221;bg_color&#8221; bg_override=&#8221;ex-full&#8221; bg_color_value=&#8221;#ffffff&#8221;][vc_column width=&#8221;1\/2&#8243;]<div id=\"1612269599726-1c022a92-b823\" class=\"dt-sc-empty-space\"><\/div><div id=\"ultimate-heading-28616a05bc40a8ab7\" class=\"uvc-heading ult-adjust-bottom-margin ultimate-heading-28616a05bc40a8ab7 uvc-332 \" data-hspacer=\"no_spacer\"  data-halign=\"center\" style=\"text-align:center\"><div class=\"uvc-heading-spacer no_spacer\" style=\"top\"><\/div><div class=\"uvc-main-heading ult-responsive\"  data-ultimate-target='.uvc-heading.ultimate-heading-28616a05bc40a8ab7 h2'  data-responsive-json-new='{\"font-size\":\"desktop:40px;\",\"line-height\":\"\"}' ><h2 style=\"font-family:&#039;Montserrat&#039;;font-weight:normal;color:#000000;\">STAMPA DIGITALE<\/h2><\/div><\/div><div id=\"1612269717094-826037a1-320d\" class=\"dt-sc-empty-space\"><\/div>[\/vc_column][vc_column width=&#8221;1\/2&#8243;][\/vc_column][\/vc_row][vc_row full_width=&#8221;default_no_spaces&#8221; content_placement=&#8221;top&#8221; bg_type=&#8221;bg_color&#8221; bg_override=&#8221;ex-full&#8221; bg_color_value=&#8221;#ffffff&#8221;][vc_column width=&#8221;1\/2&#8243;][vc_single_image image=&#8221;3098&#8243; img_size=&#8221;full&#8221; css_animation=&#8221;fadeInUp&#8221; css=&#8221;.vc_custom_1625563414717{margin-left: -400px !important;border-right-width: 400px !important;}&#8221;][\/vc_column][vc_column width=&#8221;1\/2&#8243;][vc_text_separator title=&#8221;CARATTERISTICHE&#8221; i_icon_fontawesome=&#8221;fas fa-highlighter&#8221; i_color=&#8221;custom&#8221; title_align=&#8221;separator_align_right&#8221; align=&#8221;align_right&#8221; color=&#8221;custom&#8221; border_width=&#8221;3&#8243; css_animation=&#8221;fadeInUp&#8221; add_icon=&#8221;true&#8221; i_custom_color=&#8221;#2398d6&#8243; accent_color=&#8221;#2398d6&#8243;][vc_column_text]La <strong>stampa digitale<\/strong> \u00e8 un <strong>sistema di stampa <\/strong>basato su tecnologie che permettono l\u2019invio di file digitali da un personal computer o altro dispositivo elettronico alla stampante. I file, trasmessi in formati come PDF, TIF, JPG o altri formati elettronici grafici, possono essere stampati su supporti di diversi materiali, come <strong>carta<\/strong>, <strong>cartone<\/strong>, <strong>pannelli rigidi<\/strong> di vari materiali (<strong>forex<\/strong>, <strong>plexiglass<\/strong>, <strong>alluminio<\/strong>, <strong>legno<\/strong>, ecc.), <strong>PVC<\/strong>, <strong>tela<\/strong>, <strong>tessuti<\/strong> o altro. Nel processo di stampa digitale, l\u2019inchiostro viene impresso direttamente sul supporto da stampare. La stampa digitale non richiede l\u2019uso delle lastre o delle matrici. Questo rende la stampa digitale particolarmente adatta anche per basse tirature.[\/vc_column_text][vc_text_separator title=&#8221;VANTAGGI&#8221; i_icon_fontawesome=&#8221;fas fa-highlighter&#8221; i_color=&#8221;custom&#8221; title_align=&#8221;separator_align_right&#8221; align=&#8221;align_right&#8221; color=&#8221;custom&#8221; border_width=&#8221;3&#8243; css_animation=&#8221;fadeInUp&#8221; add_icon=&#8221;true&#8221; i_custom_color=&#8221;#2398d6&#8243; accent_color=&#8221;#2398d6&#8243;][vc_column_text]<\/p>\n<p>I am text block. Click edit button to change this text. Lorem ipsum dolor sit amet, consectetur adipiscing elit. Ut elit tellus, luctus nec ullamcorper mattis, pulvinar dapibus leo.<\/p>\n<p>[\/vc_column_text]<div id=\"1625040525657-cd782e4a-ba82\" class=\"dt-sc-empty-space\"><\/div>[\/vc_column][\/vc_row][vc_row][vc_column]<div id=\"1617796629695-a8a9f3ac-df6c\" class=\"dt-sc-empty-space\"><\/div>[vc_text_separator title=&#8221;Contattaci per altre info&#8221; color=&#8221;custom&#8221; border_width=&#8221;3&#8243; css_animation=&#8221;fadeInUp&#8221; accent_color=&#8221;#2398d6&#8243;][vc_row_inner][vc_column_inner width=&#8221;1\/3&#8243;]<div class='dt-sc-icon-box type4 '><div class=\"icon-wrapper\"><span class='fas fa-tty'> <\/span><\/div><div class=\"icon-content\"><h4>Telefono<\/h4><p><h6>Tel. 030 2732831<\/h6><\/p><\/div><\/div>[\/vc_column_inner][vc_column_inner width=&#8221;1\/3&#8243;]<div class='dt-sc-icon-box type4 '><div class=\"icon-wrapper\"><span class='fas fa-at'> <\/span><\/div><div class=\"icon-content\"><h4>Mail<\/h4><p><h6>info@centroserigrafico.com<\/h6><\/p><\/div><\/div>[\/vc_column_inner][vc_column_inner width=&#8221;1\/3&#8243;]<div class='dt-sc-icon-box type4 '><div class=\"icon-wrapper\"><span class='fas fa-phone-alt'> <\/span><\/div><div class=\"icon-content\"><h4>Whatsapp<\/h4><p><h6>Cel +39 3341072143<\/h6><\/p><\/div><\/div>[\/vc_column_inner][\/vc_row_inner][\/vc_column][\/vc_row][vc_row bg_type=&#8221;bg_color&#8221; bg_override=&#8221;ex-full&#8221; bg_color_value=&#8221;#ededed&#8221; css=&#8221;.vc_custom_1628070457377{padding-top: 10px !important;padding-bottom: 10px !important;}&#8221;][vc_column][vc_empty_space height=&#8221;20&#8243;][vc_text_separator title=&#8221;Ci trovi anche sui social&#8221; color=&#8221;custom&#8221; border_width=&#8221;3&#8243; css_animation=&#8221;fadeInUp&#8221; accent_color=&#8221;#2398d6&#8243; css=&#8221;.vc_custom_1628070132542{margin-bottom: 20px !important;}&#8221;][vc_row_inner][vc_column_inner width=&#8221;1\/2&#8243;][vc_message message_box_color=&#8221;blue&#8221; icon_fontawesome=&#8221;fab fa-facebook-square&#8221;]<a href=\"https:\/\/www.facebook.com\/CS-Centro-Serigrafico-srl-105957647750064\/\">Facebook<\/a>[\/vc_message][\/vc_column_inner][vc_column_inner width=&#8221;1\/2&#8243;][vc_message message_box_color=&#8221;purple&#8221; icon_type=&#8221;entypo&#8221; icon_entypo=&#8221;entypo-icon entypo-icon-instagrem&#8221;]<a href=\"https:\/\/www.instagram.com\/cscentroserigrafico\/?hl=it\">Instagram<\/a>[\/vc_message][\/vc_column_inner][\/vc_row_inner][\/vc_column][\/vc_row]<\/p>\n","protected":false},"excerpt":{"rendered":"<p>[vc_row bg_type=&#8221;bg_color&#8221; bg_override=&#8221;ex-full&#8221; bg_color_value=&#8221;#ffffff&#8221;][vc_column width=&#8221;1\/2&#8243;][\/vc_column][vc_column width=&#8221;1\/2&#8243;][\/vc_column][\/vc_row][vc_row full_width=&#8221;default_no_spaces&#8221; content_placement=&#8221;top&#8221; bg_type=&#8221;bg_color&#8221; bg_override=&#8221;ex-full&#8221; bg_color_value=&#8221;#ffffff&#8221;][vc_column width=&#8221;1\/2&#8243;][vc_single_image image=&#8221;3098&#8243; img_size=&#8221;full&#8221; css_animation=&#8221;fadeInUp&#8221; css=&#8221;.vc_custom_1625563414717{margin-left: -400px !important;border-right-width: 400px !important;}&#8221;][\/vc_column][vc_column width=&#8221;1\/2&#8243;][vc_text_separator title=&#8221;CARATTERISTICHE&#8221; i_icon_fontawesome=&#8221;fas fa-highlighter&#8221; i_color=&#8221;custom&#8221; title_align=&#8221;separator_align_right&#8221; align=&#8221;align_right&#8221; color=&#8221;custom&#8221; border_width=&#8221;3&#8243; css_animation=&#8221;fadeInUp&#8221; add_icon=&#8221;true&#8221; i_custom_color=&#8221;#2398d6&#8243; accent_color=&#8221;#2398d6&#8243;][vc_column_text]La stampa digitale \u00e8 un sistema di stampa basato su tecnologie che permettono l\u2019invio di file digitali da un personal computer o altro [&hellip;]<\/p>\n","protected":false},"author":1,"featured_media":0,"parent":0,"menu_order":0,"comment_status":"closed","ping_status":"closed","template":"","meta":{"footnotes":""},"class_list":["post-3093","page","type-page","status-publish","hentry"],"yoast_head":"<!-- This site is optimized with the Yoast SEO plugin v26.1.1 - https:\/\/yoast.com\/wordpress\/plugins\/seo\/ -->\n<title>STAMPA DIGITALE | C.S. Centro Serigrafico s.r.l. -<\/title>\n<meta name=\"description\" content=\"La stampa digitale \u00e8 pi\u00f9 economica di altre tecniche, ha tempi molto pi\u00f9 rapidi su un numero pi\u00f9 svariato di supporti e materiali\" \/>\n<meta name=\"robots\" content=\"index, follow, max-snippet:-1, max-image-preview:large, max-video-preview:-1\" \/>\n<link rel=\"canonical\" href=\"https:\/\/www.centroserigrafico.it\/index.php\/stampa-digitale\/\" \/>\n<meta property=\"og:locale\" content=\"it_IT\" \/>\n<meta property=\"og:type\" content=\"article\" \/>\n<meta property=\"og:title\" content=\"STAMPA DIGITALE | C.S. Centro Serigrafico s.r.l. -\" \/>\n<meta property=\"og:description\" content=\"La stampa digitale \u00e8 pi\u00f9 economica di altre tecniche, ha tempi molto pi\u00f9 rapidi su un numero pi\u00f9 svariato di supporti e materiali\" \/>\n<meta property=\"og:url\" content=\"https:\/\/www.centroserigrafico.it\/index.php\/stampa-digitale\/\" \/>\n<meta property=\"og:site_name\" content=\"C.S. Centro Serigrafico\" \/>\n<meta property=\"article:modified_time\" content=\"2021-08-06T09:57:37+00:00\" \/>\n<meta name=\"twitter:card\" content=\"summary_large_image\" \/>\n<meta name=\"twitter:label1\" content=\"Tempo di lettura stimato\" \/>\n\t<meta name=\"twitter:data1\" content=\"2 minuti\" \/>\n<script type=\"application\/ld+json\" class=\"yoast-schema-graph\">{\"@context\":\"https:\/\/schema.org\",\"@graph\":[{\"@type\":\"WebPage\",\"@id\":\"https:\/\/www.centroserigrafico.it\/index.php\/stampa-digitale\/\",\"url\":\"https:\/\/www.centroserigrafico.it\/index.php\/stampa-digitale\/\",\"name\":\"STAMPA DIGITALE | C.S. Centro Serigrafico s.r.l. -\",\"isPartOf\":{\"@id\":\"https:\/\/www.centroserigrafico.it\/#website\"},\"datePublished\":\"2021-02-05T14:41:44+00:00\",\"dateModified\":\"2021-08-06T09:57:37+00:00\",\"description\":\"La stampa digitale \u00e8 pi\u00f9 economica di altre tecniche, ha tempi molto pi\u00f9 rapidi su un numero pi\u00f9 svariato di supporti e materiali\",\"breadcrumb\":{\"@id\":\"https:\/\/www.centroserigrafico.it\/index.php\/stampa-digitale\/#breadcrumb\"},\"inLanguage\":\"it-IT\",\"potentialAction\":[{\"@type\":\"ReadAction\",\"target\":[\"https:\/\/www.centroserigrafico.it\/index.php\/stampa-digitale\/\"]}]},{\"@type\":\"BreadcrumbList\",\"@id\":\"https:\/\/www.centroserigrafico.it\/index.php\/stampa-digitale\/#breadcrumb\",\"itemListElement\":[{\"@type\":\"ListItem\",\"position\":1,\"name\":\"Home\",\"item\":\"https:\/\/www.centroserigrafico.it\/\"},{\"@type\":\"ListItem\",\"position\":2,\"name\":\"STAMPA DIGITALE\"}]},{\"@type\":\"WebSite\",\"@id\":\"https:\/\/www.centroserigrafico.it\/#website\",\"url\":\"https:\/\/www.centroserigrafico.it\/\",\"name\":\"C.S. Centro Serigrafico\",\"description\":\"Grafica industriale\",\"publisher\":{\"@id\":\"https:\/\/www.centroserigrafico.it\/#organization\"},\"potentialAction\":[{\"@type\":\"SearchAction\",\"target\":{\"@type\":\"EntryPoint\",\"urlTemplate\":\"https:\/\/www.centroserigrafico.it\/?s={search_term_string}\"},\"query-input\":{\"@type\":\"PropertyValueSpecification\",\"valueRequired\":true,\"valueName\":\"search_term_string\"}}],\"inLanguage\":\"it-IT\"},{\"@type\":\"Organization\",\"@id\":\"https:\/\/www.centroserigrafico.it\/#organization\",\"name\":\"C.S. Centro Serigrafico\",\"url\":\"https:\/\/www.centroserigrafico.it\/\",\"logo\":{\"@type\":\"ImageObject\",\"inLanguage\":\"it-IT\",\"@id\":\"https:\/\/www.centroserigrafico.it\/#\/schema\/logo\/image\/\",\"url\":\"https:\/\/www.centroserigrafico.it\/wp-content\/uploads\/logo1.png\",\"contentUrl\":\"https:\/\/www.centroserigrafico.it\/wp-content\/uploads\/logo1.png\",\"width\":1200,\"height\":1200,\"caption\":\"C.S. Centro Serigrafico\"},\"image\":{\"@id\":\"https:\/\/www.centroserigrafico.it\/#\/schema\/logo\/image\/\"}}]}<\/script>\n<!-- \/ Yoast SEO plugin. -->","yoast_head_json":{"title":"STAMPA DIGITALE | C.S. Centro Serigrafico s.r.l. -","description":"La stampa digitale \u00e8 pi\u00f9 economica di altre tecniche, ha tempi molto pi\u00f9 rapidi su un numero pi\u00f9 svariato di supporti e materiali","robots":{"index":"index","follow":"follow","max-snippet":"max-snippet:-1","max-image-preview":"max-image-preview:large","max-video-preview":"max-video-preview:-1"},"canonical":"https:\/\/www.centroserigrafico.it\/index.php\/stampa-digitale\/","og_locale":"it_IT","og_type":"article","og_title":"STAMPA DIGITALE | C.S. Centro Serigrafico s.r.l. -","og_description":"La stampa digitale \u00e8 pi\u00f9 economica di altre tecniche, ha tempi molto pi\u00f9 rapidi su un numero pi\u00f9 svariato di supporti e materiali","og_url":"https:\/\/www.centroserigrafico.it\/index.php\/stampa-digitale\/","og_site_name":"C.S. Centro Serigrafico","article_modified_time":"2021-08-06T09:57:37+00:00","twitter_card":"summary_large_image","twitter_misc":{"Tempo di lettura stimato":"2 minuti"},"schema":{"@context":"https:\/\/schema.org","@graph":[{"@type":"WebPage","@id":"https:\/\/www.centroserigrafico.it\/index.php\/stampa-digitale\/","url":"https:\/\/www.centroserigrafico.it\/index.php\/stampa-digitale\/","name":"STAMPA DIGITALE | C.S. Centro Serigrafico s.r.l. -","isPartOf":{"@id":"https:\/\/www.centroserigrafico.it\/#website"},"datePublished":"2021-02-05T14:41:44+00:00","dateModified":"2021-08-06T09:57:37+00:00","description":"La stampa digitale \u00e8 pi\u00f9 economica di altre tecniche, ha tempi molto pi\u00f9 rapidi su un numero pi\u00f9 svariato di supporti e materiali","breadcrumb":{"@id":"https:\/\/www.centroserigrafico.it\/index.php\/stampa-digitale\/#breadcrumb"},"inLanguage":"it-IT","potentialAction":[{"@type":"ReadAction","target":["https:\/\/www.centroserigrafico.it\/index.php\/stampa-digitale\/"]}]},{"@type":"BreadcrumbList","@id":"https:\/\/www.centroserigrafico.it\/index.php\/stampa-digitale\/#breadcrumb","itemListElement":[{"@type":"ListItem","position":1,"name":"Home","item":"https:\/\/www.centroserigrafico.it\/"},{"@type":"ListItem","position":2,"name":"STAMPA DIGITALE"}]},{"@type":"WebSite","@id":"https:\/\/www.centroserigrafico.it\/#website","url":"https:\/\/www.centroserigrafico.it\/","name":"C.S. Centro Serigrafico","description":"Grafica industriale","publisher":{"@id":"https:\/\/www.centroserigrafico.it\/#organization"},"potentialAction":[{"@type":"SearchAction","target":{"@type":"EntryPoint","urlTemplate":"https:\/\/www.centroserigrafico.it\/?s={search_term_string}"},"query-input":{"@type":"PropertyValueSpecification","valueRequired":true,"valueName":"search_term_string"}}],"inLanguage":"it-IT"},{"@type":"Organization","@id":"https:\/\/www.centroserigrafico.it\/#organization","name":"C.S. Centro Serigrafico","url":"https:\/\/www.centroserigrafico.it\/","logo":{"@type":"ImageObject","inLanguage":"it-IT","@id":"https:\/\/www.centroserigrafico.it\/#\/schema\/logo\/image\/","url":"https:\/\/www.centroserigrafico.it\/wp-content\/uploads\/logo1.png","contentUrl":"https:\/\/www.centroserigrafico.it\/wp-content\/uploads\/logo1.png","width":1200,"height":1200,"caption":"C.S. Centro Serigrafico"},"image":{"@id":"https:\/\/www.centroserigrafico.it\/#\/schema\/logo\/image\/"}}]}},"jetpack_sharing_enabled":true,"_links":{"self":[{"href":"https:\/\/www.centroserigrafico.it\/index.php\/wp-json\/wp\/v2\/pages\/3093","targetHints":{"allow":["GET"]}}],"collection":[{"href":"https:\/\/www.centroserigrafico.it\/index.php\/wp-json\/wp\/v2\/pages"}],"about":[{"href":"https:\/\/www.centroserigrafico.it\/index.php\/wp-json\/wp\/v2\/types\/page"}],"author":[{"embeddable":true,"href":"https:\/\/www.centroserigrafico.it\/index.php\/wp-json\/wp\/v2\/users\/1"}],"replies":[{"embeddable":true,"href":"https:\/\/www.centroserigrafico.it\/index.php\/wp-json\/wp\/v2\/comments?post=3093"}],"version-history":[{"count":25,"href":"https:\/\/www.centroserigrafico.it\/index.php\/wp-json\/wp\/v2\/pages\/3093\/revisions"}],"predecessor-version":[{"id":4196,"href":"https:\/\/www.centroserigrafico.it\/index.php\/wp-json\/wp\/v2\/pages\/3093\/revisions\/4196"}],"wp:attachment":[{"href":"https:\/\/www.centroserigrafico.it\/index.php\/wp-json\/wp\/v2\/media?parent=3093"}],"curies":[{"name":"wp","href":"https:\/\/api.w.org\/{rel}","templated":true}]}}