{"id":3440,"date":"2021-03-25T09:07:55","date_gmt":"2021-03-25T08:07:55","guid":{"rendered":"https:\/\/www.centroserigrafico.it\/?page_id=3440"},"modified":"2021-08-06T11:58:54","modified_gmt":"2021-08-06T09:58:54","slug":"targhe-e-targhette","status":"publish","type":"page","link":"https:\/\/www.centroserigrafico.it\/index.php\/targhe-e-targhette\/","title":{"rendered":"TARGHE E TARGHETTE"},"content":{"rendered":"<p>[vc_row bg_type=&#8221;bg_color&#8221; bg_override=&#8221;ex-full&#8221; bg_color_value=&#8221;#ffffff&#8221;][vc_column]<div id=\"1616600108942-dd890527-8485\" class=\"dt-sc-empty-space\"><\/div><div id=\"ultimate-heading-171969fb3fe32469a\" class=\"uvc-heading ult-adjust-bottom-margin ultimate-heading-171969fb3fe32469a uvc-9433 \" data-hspacer=\"no_spacer\"  data-halign=\"center\" style=\"text-align:center\"><div class=\"uvc-heading-spacer no_spacer\" style=\"top\"><\/div><div class=\"uvc-main-heading ult-responsive\"  data-ultimate-target='.uvc-heading.ultimate-heading-171969fb3fe32469a h2'  data-responsive-json-new='{\"font-size\":\"\",\"line-height\":\"\"}' ><h2 style=\"font-family:&#039;Montserrat&#039;;font-weight:normal;\">TARGHE E TARGHETTE<\/h2><\/div><div class=\"uvc-sub-heading ult-responsive\"  data-ultimate-target='.uvc-heading.ultimate-heading-171969fb3fe32469a .uvc-sub-heading '  data-responsive-json-new='{\"font-size\":\"\",\"line-height\":\"\"}'  style=\"font-weight:normal;margin-bottom:20px;\">INDUSTRIALI E PUBBLICITARIE<\/div><\/div>[vc_column_text]<\/p>\n<div><span class=\"cf1\"><span class=\"fs12lh1-5 ff1\">Realizziamo targhe e targhette in materiali metallici di varie tipologie e spessori, esse hanno un&#8217;ottima resistenza agli agenti atmosferici e quindi sono adatte sia per utilizzo interno che esterno, con p<\/span><\/span><span class=\"lh19px cf1\"><span class=\"fs12lh1-5 ff1\">ossibilit\u00e0 di lavorazioni meccaniche, forature, sagomature particolari. <span class=\"fs12lh1-5 cf1\">Le targhette in acciaio vengono utilizzate in ambienti agressivi, o dove \u00e8 richiesta un&#8217;alta resistenza meccanica, alta resistenza agli agenti atmosferici e alla salsedine marina. L&#8217;utilizzo in campo industriale garantisce l&#8217;indelebilit\u00e0 dei dati sensibili, che anche a distanza di anni possono venir visualizzati senza alcun problema, in quanto offrono un&#8217;ottima resistenza ai raggi UV, e alla corrosione. Trovano particolare applicazioni in abito industriale, navale e ferroviario.<\/span><br \/>\n<\/span><\/span><\/div>\n<div><span class=\"cf1\"><span class=\"fs12lh1-5 ff1\">La possibilit\u00e0 di personalizzarle a piacimento permette di avere il giusto abbinamento per ogni esigenza.<br \/>\n<\/span><\/span><\/div>\n<p>[\/vc_column_text]<div id=\"1616600211787-80f7ffec-fbf2\" class=\"dt-sc-empty-space\"><\/div>[\/vc_column][\/vc_row][vc_row bg_type=&#8221;bg_color&#8221; bg_override=&#8221;ex-full&#8221; bg_color_value=&#8221;#ffffff&#8221;][vc_column width=&#8221;1\/3&#8243;]<div id=\"1616600112358-860f2803-1a02\" class=\"dt-sc-empty-space\"><\/div>[vc_single_image image=&#8221;3943&#8243; img_size=&#8221;500&#215;350&#8243; alignment=&#8221;center&#8221;][vc_column_text]<strong>TARGHE NEUTRE<\/strong><br \/>\nAbbiamo la possibilit\u00e0 di realizzare svariate dimensioni e soluzioni, con angoli e fori di differenti quotazioni. Nella foto qualche esempio di targhette senza personalizzazione che hanno subito un trattamento per ottenere quella determinata forma e\/o il foro.[\/vc_column_text][\/vc_column][vc_column width=&#8221;1\/3&#8243;]<div id=\"1616600218219-60324215-9a6f\" class=\"dt-sc-empty-space\"><\/div>[vc_single_image image=&#8221;3944&#8243; img_size=&#8221;500&#215;350&#8243; alignment=&#8221;center&#8221;][vc_column_text]<strong>MISURE PICCOLE<\/strong><br \/>\nRealizzazione di piccole targhette sagomate con possibilit\u00e0 di personalizzazione, nella foto esempi con fori o con biadesivo, e con protezione o senza su scelta del cliente.[\/vc_column_text][\/vc_column][vc_column width=&#8221;1\/3&#8243;]<div id=\"1616600218576-67d4f16f-6f95\" class=\"dt-sc-empty-space\"><\/div>[vc_single_image image=&#8221;3945&#8243; img_size=&#8221;500&#215;350&#8243; alignment=&#8221;center&#8221;][vc_column_text]<strong>MISURE GRANDI<\/strong><br \/>\nStampa diretta su materiali in grande formato, nella foto targhe di larghezza circa 2mt per gru industriali.[\/vc_column_text][\/vc_column][\/vc_row][vc_row bg_type=&#8221;bg_color&#8221; bg_override=&#8221;ex-full&#8221; bg_color_value=&#8221;#ffffff&#8221;][vc_column width=&#8221;1\/2&#8243;]<div id=\"1616600289611-e1ae352f-dc04\" class=\"dt-sc-empty-space\"><\/div>[vc_single_image image=&#8221;3946&#8243; img_size=&#8221;600xauto&#8221; alignment=&#8221;center&#8221;][vc_column_text]<strong>PELLICOLA PROTETTIVA<\/strong><br \/>\nTutti conosciamo le pellicole colorate utilizzate per proteggere elettrodomestici, schermi dei televisori, piani di cottura. Sono pellicole estremamente sottili ma molto resistenti, sono in grado di proteggere e preservare queste delicate superfici da danneggiamenti, sia in fase di lavorazione (imbutitura, piegatura, tranciatura, fustellatura, taglio laser&#8230;) che durante lo stoccaggio e la consegna. Fondamentale \u00e8 che il film protettivo non lasci alcun residuo sul supporto, permettendo all\u2019utilizzatore di rimuoverlo con facilit\u00e0 lasciando la superficie perfetta e pronta all\u2019uso finale.[\/vc_column_text][\/vc_column][vc_column width=&#8221;1\/2&#8243;]<div id=\"1616600289672-53a8f9c7-0fc2\" class=\"dt-sc-empty-space\"><\/div>[vc_single_image image=&#8221;3947&#8243; img_size=&#8221;600xauto&#8221; alignment=&#8221;center&#8221;][vc_column_text]<strong>BIADESIVO<br \/>\n<\/strong>I nastri biadesivi si possono applicare facilmente sul retro degli oggetti diventando invisibili, se serve. Sono molto pratici specialmente quando non c&#8217;\u00e8 la volont\u00e0 di forare o quando si applicano elementi decorativi per un tempo limitato. Attualmente la capacit\u00e0 di reggere un carico \u00e8 diventata cos\u00ec elevata che le soluzioni adesive sono un&#8217;alternativa intelligente a trapano e chiodi. Invece di danneggiare la parete e produrre sporcizia, basta usare il nastro biadesivo adatto per montare facilmente gli oggetti.[\/vc_column_text][\/vc_column][\/vc_row][vc_row][vc_column]<div id=\"1623164648434-f13033ee-a461\" class=\"dt-sc-empty-space\"><\/div>[vc_column_text]<strong>TARGHETTE INDUSTRIALI<\/strong><br \/>\nOffriamo varie tipologie di materiali con differenti caratteristiche e differenti tipologie di personalizzazione oltre che di sagoma e dimensione. Per un bisogno pi\u00f9 longevo di mantenere i dati leggibili nel tempo e\/o a resistenza di determinati ambienti <em>(es. marittimo o a temperature elevate).<\/em>[\/vc_column_text][\/vc_column][\/vc_row][vc_row bg_type=&#8221;bg_color&#8221; bg_override=&#8221;ex-full&#8221; bg_color_value=&#8221;#ffffff&#8221;][vc_column width=&#8221;1\/3&#8243;]<div id=\"1618837973404-25da5b11-f5bc\" class=\"dt-sc-empty-space\"><\/div>[vc_single_image image=&#8221;3948&#8243; img_size=&#8221;500&#215;350&#8243; alignment=&#8221;center&#8221;][vc_column_text]<strong>DETERMINATE CARATTERISTICHE TECNICHE<\/strong>[\/vc_column_text][\/vc_column][vc_column width=&#8221;1\/3&#8243;]<div id=\"1618837973518-c0ac63fb-9e99\" class=\"dt-sc-empty-space\"><\/div>[vc_single_image image=&#8221;3949&#8243; img_size=&#8221;500&#215;350&#8243; alignment=&#8221;center&#8221;][vc_column_text]<strong>STAMPATE IN DIGITALE<br \/>\n<\/strong>[\/vc_column_text][\/vc_column][vc_column width=&#8221;1\/3&#8243;]<div id=\"1618837973620-bc6b23a5-8813\" class=\"dt-sc-empty-space\"><\/div>[vc_single_image image=&#8221;3950&#8243; img_size=&#8221;500&#215;350&#8243; alignment=&#8221;center&#8221;][vc_column_text]<strong>ALLUMINIO COMPOSITO<br \/>\n<\/strong>[\/vc_column_text][\/vc_column][\/vc_row][vc_row bg_type=&#8221;bg_color&#8221; bg_override=&#8221;ex-full&#8221; bg_color_value=&#8221;#ffffff&#8221;][vc_column width=&#8221;1\/2&#8243;]<div id=\"1618835110464-1b6f4c3e-e1c3\" class=\"dt-sc-empty-space\"><\/div>[vc_single_image image=&#8221;3951&#8243; img_size=&#8221;600xauto&#8221; alignment=&#8221;center&#8221;][vc_column_text]<strong>PACKING LIST A PROTEZIONE DI DOCUMENTI PER TRAGITTI EXTRACONTINENTALI<\/strong>[\/vc_column_text][\/vc_column][vc_column width=&#8221;1\/2&#8243;]<div id=\"1618835110540-1baabd76-b650\" class=\"dt-sc-empty-space\"><\/div>[vc_single_image image=&#8221;3952&#8243; img_size=&#8221;600xauto&#8221; alignment=&#8221;center&#8221;][vc_column_text]<strong>TARGHETTE SPECIFICHE TECNICHE<\/strong>[\/vc_column_text][\/vc_column][\/vc_row][vc_row][vc_column]<div id=\"1612276191590-e99ea4e4-e24c\" class=\"dt-sc-empty-space\"><\/div>[vc_text_separator title=&#8221;VISITA ALTRE CATEGORIE&#8221; i_icon_fontawesome=&#8221;fas fa-external-link-alt&#8221; i_color=&#8221;custom&#8221; title_align=&#8221;separator_align_left&#8221; align=&#8221;align_right&#8221; color=&#8221;custom&#8221; border_width=&#8221;3&#8243; css_animation=&#8221;fadeInUp&#8221; add_icon=&#8221;true&#8221; accent_color=&#8221;#2398d6&#8243; i_custom_color=&#8221;#2398d6&#8243;][vc_images_carousel images=&#8221;3922,3926,3927,3930,3929&#8243; img_size=&#8221;200xauto&#8221; onclick=&#8221;custom_link&#8221; custom_links_target=&#8221;_blank&#8221; slides_per_view=&#8221;5&#8243; hide_pagination_control=&#8221;yes&#8221; hide_prev_next_buttons=&#8221;yes&#8221; css_animation=&#8221;fadeInUp&#8221; custom_links=&#8221;#E-8_aHR0cHMlM0ElMkYlMkZ3d3cuY2VudHJvc2VyaWdyYWZpY28uaXQlMkZpbmRleC5waHAlMkZzb2x1emlvbmktYWRlc2l2ZSUyRiUyQ2h0dHBzJTNBJTJGJTJGd3d3LmNlbnRyb3NlcmlncmFmaWNvLml0JTJGaW5kZXgucGhwJTJGb2dnZXR0aXN0aWNhLWdhZGdldC12YXJpLWUtY29udG8tbGF2b3JhemlvbmUlMkYlMkNodHRwcyUzQSUyRiUyRnd3dy5jZW50cm9zZXJpZ3JhZmljby5pdCUyRmluZGV4LnBocCUyRnByb2RvdHRpLW1hdGVyaWFsZS1wbGFzdGljbyUyRiUyQ2h0dHBzJTNBJTJGJTJGd3d3LmNlbnRyb3NlcmlncmFmaWNvLml0JTJGaW5kZXgucGhwJTJGc2VnbmFsZXRpY2EtaW50ZXJuYS1lZC1lc3Rlcm5hJTJGJTJDaHR0cHMlM0ElMkYlMkZ3d3cuY2VudHJvc2VyaWdyYWZpY28uaXQlMkZpbmRleC5waHAlMkZwYXJ0aWNvbGFyaXRhLXByb3Bvc3RlLWRlY29yYXRpdmUlMkY=&#8221;][vc_row_inner][vc_column_inner width=&#8221;1\/5&#8243;][vc_column_text]<\/p>\n<p style=\"text-align: center;\">SOLUZIONI ADESIVE<\/p>\n<p>[\/vc_column_text][\/vc_column_inner][vc_column_inner width=&#8221;1\/5&#8243;][vc_column_text]<\/p>\n<p>OGGETTISTICA\/GADGET<\/p>\n<p>[\/vc_column_text][\/vc_column_inner][vc_column_inner width=&#8221;1\/5&#8243;][vc_column_text]<\/p>\n<p>MATERIALE PLASTICO<\/p>\n<p>[\/vc_column_text][\/vc_column_inner][vc_column_inner width=&#8221;1\/5&#8243;][vc_column_text]<\/p>\n<p>SEGNALETICA INT. EST.<\/p>\n<p>[\/vc_column_text][\/vc_column_inner][vc_column_inner width=&#8221;1\/5&#8243;][vc_column_text]<\/p>\n<p>PARTICOLARIT\u00c0<\/p>\n<p>[\/vc_column_text][\/vc_column_inner][\/vc_row_inner][\/vc_column][\/vc_row][vc_row][vc_column]<div id=\"1617796629695-a8a9f3ac-df6c\" class=\"dt-sc-empty-space\"><\/div>[vc_text_separator title=&#8221;Contattaci per altre info&#8221; color=&#8221;custom&#8221; border_width=&#8221;3&#8243; css_animation=&#8221;fadeInUp&#8221; accent_color=&#8221;#2398d6&#8243;][vc_row_inner][vc_column_inner width=&#8221;1\/3&#8243;]<div class='dt-sc-icon-box type4 '><div class=\"icon-wrapper\"><span class='fas fa-tty'> <\/span><\/div><div class=\"icon-content\"><h4>Telefono<\/h4><p><h6>Tel. 030 2732831<\/h6><\/p><\/div><\/div>[\/vc_column_inner][vc_column_inner width=&#8221;1\/3&#8243;]<div class='dt-sc-icon-box type4 '><div class=\"icon-wrapper\"><span class='fas fa-at'> <\/span><\/div><div class=\"icon-content\"><h4>Mail<\/h4><p><h6>info@centroserigrafico.com<\/h6><\/p><\/div><\/div>[\/vc_column_inner][vc_column_inner width=&#8221;1\/3&#8243;]<div class='dt-sc-icon-box type4 '><div class=\"icon-wrapper\"><span class='fas fa-phone-alt'> <\/span><\/div><div class=\"icon-content\"><h4>Whatsapp<\/h4><p><h6>Cel +39 3341072143<\/h6><\/p><\/div><\/div>[\/vc_column_inner][\/vc_row_inner][\/vc_column][\/vc_row][vc_row bg_type=&#8221;bg_color&#8221; bg_override=&#8221;ex-full&#8221; bg_color_value=&#8221;#ededed&#8221; css=&#8221;.vc_custom_1628070457377{padding-top: 10px !important;padding-bottom: 10px !important;}&#8221;][vc_column][vc_empty_space height=&#8221;20&#8243;][vc_text_separator title=&#8221;Ci trovi anche sui social&#8221; color=&#8221;custom&#8221; border_width=&#8221;3&#8243; css_animation=&#8221;fadeInUp&#8221; accent_color=&#8221;#2398d6&#8243; css=&#8221;.vc_custom_1628070132542{margin-bottom: 20px !important;}&#8221;][vc_row_inner][vc_column_inner width=&#8221;1\/2&#8243;][vc_message message_box_color=&#8221;blue&#8221; icon_fontawesome=&#8221;fab fa-facebook-square&#8221;]<a href=\"https:\/\/www.facebook.com\/CS-Centro-Serigrafico-srl-105957647750064\/\">Facebook<\/a>[\/vc_message][\/vc_column_inner][vc_column_inner width=&#8221;1\/2&#8243;][vc_message message_box_color=&#8221;purple&#8221; icon_type=&#8221;entypo&#8221; icon_entypo=&#8221;entypo-icon entypo-icon-instagrem&#8221;]<a href=\"https:\/\/www.instagram.com\/cscentroserigrafico\/?hl=it\">Instagram<\/a>[\/vc_message][\/vc_column_inner][\/vc_row_inner][\/vc_column][\/vc_row]<\/p>\n","protected":false},"excerpt":{"rendered":"<p>[vc_row bg_type=&#8221;bg_color&#8221; bg_override=&#8221;ex-full&#8221; bg_color_value=&#8221;#ffffff&#8221;][vc_column][vc_column_text] Realizziamo targhe e targhette in materiali metallici di varie tipologie e spessori, esse hanno un&#8217;ottima resistenza agli agenti atmosferici e quindi sono adatte sia per utilizzo interno che esterno, con possibilit\u00e0 di lavorazioni meccaniche, forature, sagomature particolari. Le targhette in acciaio vengono utilizzate in ambienti agressivi, o dove \u00e8 richiesta un&#8217;alta [&hellip;]<\/p>\n","protected":false},"author":1,"featured_media":0,"parent":0,"menu_order":0,"comment_status":"closed","ping_status":"closed","template":"","meta":{"footnotes":""},"class_list":["post-3440","page","type-page","status-publish","hentry"],"yoast_head":"<!-- This site is optimized with the Yoast SEO plugin v26.1.1 - https:\/\/yoast.com\/wordpress\/plugins\/seo\/ -->\n<title>TARGHETTE | C.S. Centro Serigrafico s.r.l. - Targhe e targhette<\/title>\n<meta name=\"description\" content=\"Targhe e targhette in materiali metallici di varie tipologie e spessori, con possibilit\u00e0 di personalizzarle a piacimento\" \/>\n<meta name=\"robots\" content=\"index, follow, max-snippet:-1, max-image-preview:large, max-video-preview:-1\" \/>\n<link rel=\"canonical\" href=\"https:\/\/www.centroserigrafico.it\/index.php\/targhe-e-targhette\/\" \/>\n<meta property=\"og:locale\" content=\"it_IT\" \/>\n<meta property=\"og:type\" content=\"article\" \/>\n<meta property=\"og:title\" content=\"TARGHETTE | C.S. Centro Serigrafico s.r.l. - Targhe e targhette\" \/>\n<meta property=\"og:description\" content=\"Targhe e targhette in materiali metallici di varie tipologie e spessori, con possibilit\u00e0 di personalizzarle a piacimento\" \/>\n<meta property=\"og:url\" content=\"https:\/\/www.centroserigrafico.it\/index.php\/targhe-e-targhette\/\" \/>\n<meta property=\"og:site_name\" content=\"C.S. Centro Serigrafico\" \/>\n<meta property=\"article:modified_time\" content=\"2021-08-06T09:58:54+00:00\" \/>\n<meta name=\"twitter:card\" content=\"summary_large_image\" \/>\n<meta name=\"twitter:label1\" content=\"Tempo di lettura stimato\" \/>\n\t<meta name=\"twitter:data1\" content=\"3 minuti\" \/>\n<script type=\"application\/ld+json\" class=\"yoast-schema-graph\">{\"@context\":\"https:\/\/schema.org\",\"@graph\":[{\"@type\":\"WebPage\",\"@id\":\"https:\/\/www.centroserigrafico.it\/index.php\/targhe-e-targhette\/\",\"url\":\"https:\/\/www.centroserigrafico.it\/index.php\/targhe-e-targhette\/\",\"name\":\"TARGHETTE | C.S. Centro Serigrafico s.r.l. - Targhe e targhette\",\"isPartOf\":{\"@id\":\"https:\/\/www.centroserigrafico.it\/#website\"},\"datePublished\":\"2021-03-25T08:07:55+00:00\",\"dateModified\":\"2021-08-06T09:58:54+00:00\",\"description\":\"Targhe e targhette in materiali metallici di varie tipologie e spessori, con possibilit\u00e0 di personalizzarle a piacimento\",\"breadcrumb\":{\"@id\":\"https:\/\/www.centroserigrafico.it\/index.php\/targhe-e-targhette\/#breadcrumb\"},\"inLanguage\":\"it-IT\",\"potentialAction\":[{\"@type\":\"ReadAction\",\"target\":[\"https:\/\/www.centroserigrafico.it\/index.php\/targhe-e-targhette\/\"]}]},{\"@type\":\"BreadcrumbList\",\"@id\":\"https:\/\/www.centroserigrafico.it\/index.php\/targhe-e-targhette\/#breadcrumb\",\"itemListElement\":[{\"@type\":\"ListItem\",\"position\":1,\"name\":\"Home\",\"item\":\"https:\/\/www.centroserigrafico.it\/\"},{\"@type\":\"ListItem\",\"position\":2,\"name\":\"TARGHE E TARGHETTE\"}]},{\"@type\":\"WebSite\",\"@id\":\"https:\/\/www.centroserigrafico.it\/#website\",\"url\":\"https:\/\/www.centroserigrafico.it\/\",\"name\":\"C.S. Centro Serigrafico\",\"description\":\"Grafica industriale\",\"publisher\":{\"@id\":\"https:\/\/www.centroserigrafico.it\/#organization\"},\"potentialAction\":[{\"@type\":\"SearchAction\",\"target\":{\"@type\":\"EntryPoint\",\"urlTemplate\":\"https:\/\/www.centroserigrafico.it\/?s={search_term_string}\"},\"query-input\":{\"@type\":\"PropertyValueSpecification\",\"valueRequired\":true,\"valueName\":\"search_term_string\"}}],\"inLanguage\":\"it-IT\"},{\"@type\":\"Organization\",\"@id\":\"https:\/\/www.centroserigrafico.it\/#organization\",\"name\":\"C.S. Centro Serigrafico\",\"url\":\"https:\/\/www.centroserigrafico.it\/\",\"logo\":{\"@type\":\"ImageObject\",\"inLanguage\":\"it-IT\",\"@id\":\"https:\/\/www.centroserigrafico.it\/#\/schema\/logo\/image\/\",\"url\":\"https:\/\/www.centroserigrafico.it\/wp-content\/uploads\/logo1.png\",\"contentUrl\":\"https:\/\/www.centroserigrafico.it\/wp-content\/uploads\/logo1.png\",\"width\":1200,\"height\":1200,\"caption\":\"C.S. Centro Serigrafico\"},\"image\":{\"@id\":\"https:\/\/www.centroserigrafico.it\/#\/schema\/logo\/image\/\"}}]}<\/script>\n<!-- \/ Yoast SEO plugin. -->","yoast_head_json":{"title":"TARGHETTE | C.S. Centro Serigrafico s.r.l. - Targhe e targhette","description":"Targhe e targhette in materiali metallici di varie tipologie e spessori, con possibilit\u00e0 di personalizzarle a piacimento","robots":{"index":"index","follow":"follow","max-snippet":"max-snippet:-1","max-image-preview":"max-image-preview:large","max-video-preview":"max-video-preview:-1"},"canonical":"https:\/\/www.centroserigrafico.it\/index.php\/targhe-e-targhette\/","og_locale":"it_IT","og_type":"article","og_title":"TARGHETTE | C.S. Centro Serigrafico s.r.l. - Targhe e targhette","og_description":"Targhe e targhette in materiali metallici di varie tipologie e spessori, con possibilit\u00e0 di personalizzarle a piacimento","og_url":"https:\/\/www.centroserigrafico.it\/index.php\/targhe-e-targhette\/","og_site_name":"C.S. Centro Serigrafico","article_modified_time":"2021-08-06T09:58:54+00:00","twitter_card":"summary_large_image","twitter_misc":{"Tempo di lettura stimato":"3 minuti"},"schema":{"@context":"https:\/\/schema.org","@graph":[{"@type":"WebPage","@id":"https:\/\/www.centroserigrafico.it\/index.php\/targhe-e-targhette\/","url":"https:\/\/www.centroserigrafico.it\/index.php\/targhe-e-targhette\/","name":"TARGHETTE | C.S. Centro Serigrafico s.r.l. - Targhe e targhette","isPartOf":{"@id":"https:\/\/www.centroserigrafico.it\/#website"},"datePublished":"2021-03-25T08:07:55+00:00","dateModified":"2021-08-06T09:58:54+00:00","description":"Targhe e targhette in materiali metallici di varie tipologie e spessori, con possibilit\u00e0 di personalizzarle a piacimento","breadcrumb":{"@id":"https:\/\/www.centroserigrafico.it\/index.php\/targhe-e-targhette\/#breadcrumb"},"inLanguage":"it-IT","potentialAction":[{"@type":"ReadAction","target":["https:\/\/www.centroserigrafico.it\/index.php\/targhe-e-targhette\/"]}]},{"@type":"BreadcrumbList","@id":"https:\/\/www.centroserigrafico.it\/index.php\/targhe-e-targhette\/#breadcrumb","itemListElement":[{"@type":"ListItem","position":1,"name":"Home","item":"https:\/\/www.centroserigrafico.it\/"},{"@type":"ListItem","position":2,"name":"TARGHE E TARGHETTE"}]},{"@type":"WebSite","@id":"https:\/\/www.centroserigrafico.it\/#website","url":"https:\/\/www.centroserigrafico.it\/","name":"C.S. Centro Serigrafico","description":"Grafica industriale","publisher":{"@id":"https:\/\/www.centroserigrafico.it\/#organization"},"potentialAction":[{"@type":"SearchAction","target":{"@type":"EntryPoint","urlTemplate":"https:\/\/www.centroserigrafico.it\/?s={search_term_string}"},"query-input":{"@type":"PropertyValueSpecification","valueRequired":true,"valueName":"search_term_string"}}],"inLanguage":"it-IT"},{"@type":"Organization","@id":"https:\/\/www.centroserigrafico.it\/#organization","name":"C.S. Centro Serigrafico","url":"https:\/\/www.centroserigrafico.it\/","logo":{"@type":"ImageObject","inLanguage":"it-IT","@id":"https:\/\/www.centroserigrafico.it\/#\/schema\/logo\/image\/","url":"https:\/\/www.centroserigrafico.it\/wp-content\/uploads\/logo1.png","contentUrl":"https:\/\/www.centroserigrafico.it\/wp-content\/uploads\/logo1.png","width":1200,"height":1200,"caption":"C.S. Centro Serigrafico"},"image":{"@id":"https:\/\/www.centroserigrafico.it\/#\/schema\/logo\/image\/"}}]}},"jetpack_sharing_enabled":true,"_links":{"self":[{"href":"https:\/\/www.centroserigrafico.it\/index.php\/wp-json\/wp\/v2\/pages\/3440","targetHints":{"allow":["GET"]}}],"collection":[{"href":"https:\/\/www.centroserigrafico.it\/index.php\/wp-json\/wp\/v2\/pages"}],"about":[{"href":"https:\/\/www.centroserigrafico.it\/index.php\/wp-json\/wp\/v2\/types\/page"}],"author":[{"embeddable":true,"href":"https:\/\/www.centroserigrafico.it\/index.php\/wp-json\/wp\/v2\/users\/1"}],"replies":[{"embeddable":true,"href":"https:\/\/www.centroserigrafico.it\/index.php\/wp-json\/wp\/v2\/comments?post=3440"}],"version-history":[{"count":29,"href":"https:\/\/www.centroserigrafico.it\/index.php\/wp-json\/wp\/v2\/pages\/3440\/revisions"}],"predecessor-version":[{"id":4198,"href":"https:\/\/www.centroserigrafico.it\/index.php\/wp-json\/wp\/v2\/pages\/3440\/revisions\/4198"}],"wp:attachment":[{"href":"https:\/\/www.centroserigrafico.it\/index.php\/wp-json\/wp\/v2\/media?parent=3440"}],"curies":[{"name":"wp","href":"https:\/\/api.w.org\/{rel}","templated":true}]}}