{"id":3456,"date":"2021-03-25T10:18:46","date_gmt":"2021-03-25T09:18:46","guid":{"rendered":"https:\/\/www.centroserigrafico.it\/?page_id=3456"},"modified":"2022-11-25T09:28:47","modified_gmt":"2022-11-25T08:28:47","slug":"prodotti-materiale-plastico","status":"publish","type":"page","link":"https:\/\/www.centroserigrafico.it\/index.php\/prodotti-materiale-plastico\/","title":{"rendered":"PRODOTTI IN MATERIALE PLASTICO"},"content":{"rendered":"<p>[vc_row bg_type=&#8221;bg_color&#8221; bg_override=&#8221;ex-full&#8221; bg_color_value=&#8221;#ffffff&#8221;][vc_column]<div id=\"1616600108942-dd890527-8485\" class=\"dt-sc-empty-space\"><\/div><div id=\"ultimate-heading-872869e498c1e8fd9\" class=\"uvc-heading ult-adjust-bottom-margin ultimate-heading-872869e498c1e8fd9 uvc-5034 \" data-hspacer=\"no_spacer\"  data-halign=\"center\" style=\"text-align:center\"><div class=\"uvc-heading-spacer no_spacer\" style=\"top\"><\/div><div class=\"uvc-main-heading ult-responsive\"  data-ultimate-target='.uvc-heading.ultimate-heading-872869e498c1e8fd9 h2'  data-responsive-json-new='{\"font-size\":\"\",\"line-height\":\"\"}' ><h2 style=\"font-family:&#039;Montserrat&#039;;font-weight:normal;\">PRODOTTI IN MATERIALE PLASTICO<\/h2><\/div><div class=\"uvc-sub-heading ult-responsive\"  data-ultimate-target='.uvc-heading.ultimate-heading-872869e498c1e8fd9 .uvc-sub-heading '  data-responsive-json-new='{\"font-size\":\"\",\"line-height\":\"\"}'  style=\"font-weight:normal;margin-bottom:20px;\">CARTELLI, TARGHE, OGGETTI IN PLEXIGLASS, SAGOMATI SU MISURA<\/div><\/div>[vc_column_text]Il nostro parco macchine ci permette di trattare materiali plastici per svariati utilizzi, nelle forme e finiture pi\u00f9 disparate utilizziamo pvc rigidi, forex, plexiglass, polipropilene e non solo, definiamo insieme la tecnica pi\u00f9 corretta di lavorazione. E se hai qualche idea o necessit\u00e0 particolare&#8230; parliamone![\/vc_column_text][\/vc_column][\/vc_row][vc_row bg_type=&#8221;bg_color&#8221; bg_override=&#8221;ex-full&#8221; bg_color_value=&#8221;#ffffff&#8221;][vc_column width=&#8221;1\/2&#8243;]<div id=\"1616600289611-e1ae352f-dc04\" class=\"dt-sc-empty-space\"><\/div>[vc_single_image image=&#8221;3963&#8243; img_size=&#8221;600xauto&#8221;][vc_column_text]<strong>MOUSE PAD<br \/>\n<\/strong>[\/vc_column_text][\/vc_column][vc_column width=&#8221;1\/2&#8243;]<div id=\"1616600289672-53a8f9c7-0fc2\" class=\"dt-sc-empty-space\"><\/div>[vc_single_image image=&#8221;3964&#8243; img_size=&#8221;600xauto&#8221;][vc_column_text]<strong>SOPRABANCO<\/strong>[\/vc_column_text][\/vc_column][\/vc_row][vc_row bg_type=&#8221;bg_color&#8221; bg_override=&#8221;ex-full&#8221; bg_color_value=&#8221;#ffffff&#8221;][vc_column width=&#8221;1\/3&#8243;]<div id=\"1616600112358-860f2803-1a02\" class=\"dt-sc-empty-space\"><\/div>[vc_single_image image=&#8221;3965&#8243; img_size=&#8221;500&#215;350&#8243;][vc_column_text]<strong>MATERIALE PLASTICO RIGIDO<\/strong>[\/vc_column_text][\/vc_column][vc_column width=&#8221;1\/3&#8243;]<div id=\"1616600218219-60324215-9a6f\" class=\"dt-sc-empty-space\"><\/div>[vc_single_image image=&#8221;3804&#8243; img_size=&#8221;500&#215;350&#8243;][vc_column_text]<strong>MATERIALI PLASTICI LEGGERI<\/strong>[\/vc_column_text][\/vc_column][vc_column width=&#8221;1\/3&#8243;]<div id=\"1616600218576-67d4f16f-6f95\" class=\"dt-sc-empty-space\"><\/div>[vc_single_image image=&#8221;3969&#8243; img_size=&#8221;500&#215;350&#8243;][vc_column_text]<strong>STAMPA SU POLICARBONATO POI SAGOMATO <\/strong>[\/vc_column_text][\/vc_column][\/vc_row][vc_row bg_type=&#8221;bg_color&#8221; bg_override=&#8221;ex-full&#8221; bg_color_value=&#8221;#ffffff&#8221;][vc_column width=&#8221;1\/2&#8243;]<div id=\"1616600317783-ba16ca68-c97c\" class=\"dt-sc-empty-space\"><\/div>[vc_single_image image=&#8221;4277&#8243; img_size=&#8221;600xauto&#8221;][vc_column_text]<strong>PLEXIGLASS TRASPARENTE VARI SPESSORI<\/strong>[\/vc_column_text][\/vc_column][vc_column width=&#8221;1\/2&#8243;]<div id=\"1616600317841-85df50d3-0c9d\" class=\"dt-sc-empty-space\"><\/div>[vc_single_image image=&#8221;3966&#8243; img_size=&#8221;600xauto&#8221;][vc_column_text]<strong>STAMPA SU POLIONDA E TAGLIO SAGOMATO<\/strong>[\/vc_column_text][\/vc_column][\/vc_row][vc_row][vc_column]<div id=\"1612276191590-e99ea4e4-e24c\" class=\"dt-sc-empty-space\"><\/div>[vc_text_separator title=&#8221;VISITA ALTRE CATEGORIE&#8221; i_icon_fontawesome=&#8221;fas fa-external-link-alt&#8221; i_color=&#8221;custom&#8221; title_align=&#8221;separator_align_left&#8221; align=&#8221;align_right&#8221; color=&#8221;custom&#8221; border_width=&#8221;3&#8243; css_animation=&#8221;fadeInUp&#8221; add_icon=&#8221;true&#8221; accent_color=&#8221;#2398d6&#8243; i_custom_color=&#8221;#2398d6&#8243;][vc_images_carousel images=&#8221;3922,3925,3926,3930,3929&#8243; img_size=&#8221;200xauto&#8221; onclick=&#8221;custom_link&#8221; custom_links_target=&#8221;_blank&#8221; slides_per_view=&#8221;5&#8243; hide_pagination_control=&#8221;yes&#8221; hide_prev_next_buttons=&#8221;yes&#8221; css_animation=&#8221;fadeInUp&#8221; custom_links=&#8221;#E-8_aHR0cHMlM0ElMkYlMkZ3d3cuY2VudHJvc2VyaWdyYWZpY28uaXQlMkZpbmRleC5waHAlMkZzb2x1emlvbmktYWRlc2l2ZSUyRiUyQ2h0dHBzJTNBJTJGJTJGd3d3LmNlbnRyb3NlcmlncmFmaWNvLml0JTJGaW5kZXgucGhwJTJGdGFyZ2hlLWUtdGFyZ2hldHRlJTJGJTJDaHR0cHMlM0ElMkYlMkZ3d3cuY2VudHJvc2VyaWdyYWZpY28uaXQlMkZpbmRleC5waHAlMkZvZ2dldHRpc3RpY2EtZ2FkZ2V0LXZhcmktZS1jb250by1sYXZvcmF6aW9uZSUyRiUyQ2h0dHBzJTNBJTJGJTJGd3d3LmNlbnRyb3NlcmlncmFmaWNvLml0JTJGaW5kZXgucGhwJTJGc2VnbmFsZXRpY2EtaW50ZXJuYS1lZC1lc3Rlcm5hJTJGJTJDaHR0cHMlM0ElMkYlMkZ3d3cuY2VudHJvc2VyaWdyYWZpY28uaXQlMkZpbmRleC5waHAlMkZwYXJ0aWNvbGFyaXRhLXByb3Bvc3RlLWRlY29yYXRpdmUlMkY=&#8221;][vc_row_inner][vc_column_inner width=&#8221;1\/5&#8243;][vc_column_text]<\/p>\n<p style=\"text-align: center;\">SOLUZIONI ADESIVE<\/p>\n<p>[\/vc_column_text][\/vc_column_inner][vc_column_inner width=&#8221;1\/5&#8243;][vc_column_text]<\/p>\n<p style=\"text-align: center;\">TARGHE E TARGHETTE<\/p>\n<p>[\/vc_column_text][\/vc_column_inner][vc_column_inner width=&#8221;1\/5&#8243;][vc_column_text]<\/p>\n<p style=\"text-align: center;\">OGGETTISTICA\/GADGET<\/p>\n<p>[\/vc_column_text][\/vc_column_inner][vc_column_inner width=&#8221;1\/5&#8243;][vc_column_text]<\/p>\n<p style=\"text-align: center;\">SEGNALETICA INT. EST.<\/p>\n<p>[\/vc_column_text][\/vc_column_inner][vc_column_inner width=&#8221;1\/5&#8243;][vc_column_text]<\/p>\n<p style=\"text-align: center;\">PARTICOLARIT\u00c0<\/p>\n<p>[\/vc_column_text][\/vc_column_inner][\/vc_row_inner][\/vc_column][\/vc_row][vc_row][vc_column]<div id=\"1617796629695-a8a9f3ac-df6c\" class=\"dt-sc-empty-space\"><\/div>[vc_text_separator title=&#8221;Contattaci per altre info&#8221; color=&#8221;custom&#8221; border_width=&#8221;3&#8243; css_animation=&#8221;fadeInUp&#8221; accent_color=&#8221;#2398d6&#8243;][vc_row_inner][vc_column_inner width=&#8221;1\/3&#8243;]<div class='dt-sc-icon-box type4 '><div class=\"icon-wrapper\"><span class='fas fa-tty'> <\/span><\/div><div class=\"icon-content\"><h4>Telefono<\/h4><p><h6>Tel. 030 2732831<\/h6><\/p><\/div><\/div>[\/vc_column_inner][vc_column_inner width=&#8221;1\/3&#8243;]<div class='dt-sc-icon-box type4 '><div class=\"icon-wrapper\"><span class='fas fa-at'> <\/span><\/div><div class=\"icon-content\"><h4>Mail<\/h4><p><h6>info@centroserigrafico.com<\/h6><\/p><\/div><\/div>[\/vc_column_inner][vc_column_inner width=&#8221;1\/3&#8243;]<div class='dt-sc-icon-box type4 '><div class=\"icon-wrapper\"><span class='fas fa-phone-alt'> <\/span><\/div><div class=\"icon-content\"><h4>Whatsapp<\/h4><p><h6>Cel +39 3341072143<\/h6><\/p><\/div><\/div>[\/vc_column_inner][\/vc_row_inner][\/vc_column][\/vc_row][vc_row bg_type=&#8221;bg_color&#8221; bg_override=&#8221;ex-full&#8221; bg_color_value=&#8221;#ededed&#8221; css=&#8221;.vc_custom_1628070457377{padding-top: 10px !important;padding-bottom: 10px !important;}&#8221;][vc_column][vc_empty_space height=&#8221;20&#8243;][vc_text_separator title=&#8221;Ci trovi anche sui social&#8221; color=&#8221;custom&#8221; border_width=&#8221;3&#8243; css_animation=&#8221;fadeInUp&#8221; accent_color=&#8221;#2398d6&#8243; css=&#8221;.vc_custom_1628070132542{margin-bottom: 20px !important;}&#8221;][vc_row_inner][vc_column_inner width=&#8221;1\/2&#8243;][vc_message message_box_color=&#8221;blue&#8221; icon_fontawesome=&#8221;fab fa-facebook-square&#8221;]<a href=\"https:\/\/www.facebook.com\/CS-Centro-Serigrafico-srl-105957647750064\/\">Facebook<\/a>[\/vc_message][\/vc_column_inner][vc_column_inner width=&#8221;1\/2&#8243;][vc_message message_box_color=&#8221;purple&#8221; icon_type=&#8221;entypo&#8221; icon_entypo=&#8221;entypo-icon entypo-icon-instagrem&#8221;]<a href=\"https:\/\/www.instagram.com\/cscentroserigrafico\/?hl=it\">Instagram<\/a>[\/vc_message][\/vc_column_inner][\/vc_row_inner][\/vc_column][\/vc_row]<\/p>\n","protected":false},"excerpt":{"rendered":"<p>[vc_row bg_type=&#8221;bg_color&#8221; bg_override=&#8221;ex-full&#8221; bg_color_value=&#8221;#ffffff&#8221;][vc_column][vc_column_text]Il nostro parco macchine ci permette di trattare materiali plastici per svariati utilizzi, nelle forme e finiture pi\u00f9 disparate utilizziamo pvc rigidi, forex, plexiglass, polipropilene e non solo, definiamo insieme la tecnica pi\u00f9 corretta di lavorazione. E se hai qualche idea o necessit\u00e0 particolare&#8230; parliamone![\/vc_column_text][\/vc_column][\/vc_row][vc_row bg_type=&#8221;bg_color&#8221; bg_override=&#8221;ex-full&#8221; bg_color_value=&#8221;#ffffff&#8221;][vc_column width=&#8221;1\/2&#8243;][vc_single_image image=&#8221;3963&#8243; img_size=&#8221;600xauto&#8221;][vc_column_text]MOUSE PAD [&hellip;]<\/p>\n","protected":false},"author":1,"featured_media":0,"parent":0,"menu_order":0,"comment_status":"closed","ping_status":"closed","template":"","meta":{"footnotes":""},"class_list":["post-3456","page","type-page","status-publish","hentry"],"yoast_head":"<!-- This site is optimized with the Yoast SEO plugin v26.1.1 - https:\/\/yoast.com\/wordpress\/plugins\/seo\/ -->\n<title>MATERIALE PLASTICO | C.S. Centro Serigrafico s.r.l. - Etichette e adesivi<\/title>\n<meta name=\"description\" content=\"Materiali plastici per svariati utilizzi, nelle forme e finiture pi\u00f9 disparate, pvc rigidi, forex, plexiglass, polipropilene e non solo\" \/>\n<meta name=\"robots\" content=\"index, follow, max-snippet:-1, max-image-preview:large, max-video-preview:-1\" \/>\n<link rel=\"canonical\" href=\"https:\/\/www.centroserigrafico.it\/index.php\/prodotti-materiale-plastico\/\" \/>\n<meta property=\"og:locale\" content=\"it_IT\" \/>\n<meta property=\"og:type\" content=\"article\" \/>\n<meta property=\"og:title\" content=\"MATERIALE PLASTICO | C.S. Centro Serigrafico s.r.l. - Etichette e adesivi\" \/>\n<meta property=\"og:description\" content=\"Materiali plastici per svariati utilizzi, nelle forme e finiture pi\u00f9 disparate, pvc rigidi, forex, plexiglass, polipropilene e non solo\" \/>\n<meta property=\"og:url\" content=\"https:\/\/www.centroserigrafico.it\/index.php\/prodotti-materiale-plastico\/\" \/>\n<meta property=\"og:site_name\" content=\"C.S. Centro Serigrafico\" \/>\n<meta property=\"article:modified_time\" content=\"2022-11-25T08:28:47+00:00\" \/>\n<meta name=\"twitter:card\" content=\"summary_large_image\" \/>\n<meta name=\"twitter:label1\" content=\"Tempo di lettura stimato\" \/>\n\t<meta name=\"twitter:data1\" content=\"2 minuti\" \/>\n<script type=\"application\/ld+json\" class=\"yoast-schema-graph\">{\"@context\":\"https:\/\/schema.org\",\"@graph\":[{\"@type\":\"WebPage\",\"@id\":\"https:\/\/www.centroserigrafico.it\/index.php\/prodotti-materiale-plastico\/\",\"url\":\"https:\/\/www.centroserigrafico.it\/index.php\/prodotti-materiale-plastico\/\",\"name\":\"MATERIALE PLASTICO | C.S. Centro Serigrafico s.r.l. - Etichette e adesivi\",\"isPartOf\":{\"@id\":\"https:\/\/www.centroserigrafico.it\/#website\"},\"datePublished\":\"2021-03-25T09:18:46+00:00\",\"dateModified\":\"2022-11-25T08:28:47+00:00\",\"description\":\"Materiali plastici per svariati utilizzi, nelle forme e finiture pi\u00f9 disparate, pvc rigidi, forex, plexiglass, polipropilene e non solo\",\"breadcrumb\":{\"@id\":\"https:\/\/www.centroserigrafico.it\/index.php\/prodotti-materiale-plastico\/#breadcrumb\"},\"inLanguage\":\"it-IT\",\"potentialAction\":[{\"@type\":\"ReadAction\",\"target\":[\"https:\/\/www.centroserigrafico.it\/index.php\/prodotti-materiale-plastico\/\"]}]},{\"@type\":\"BreadcrumbList\",\"@id\":\"https:\/\/www.centroserigrafico.it\/index.php\/prodotti-materiale-plastico\/#breadcrumb\",\"itemListElement\":[{\"@type\":\"ListItem\",\"position\":1,\"name\":\"Home\",\"item\":\"https:\/\/www.centroserigrafico.it\/\"},{\"@type\":\"ListItem\",\"position\":2,\"name\":\"PRODOTTI IN MATERIALE PLASTICO\"}]},{\"@type\":\"WebSite\",\"@id\":\"https:\/\/www.centroserigrafico.it\/#website\",\"url\":\"https:\/\/www.centroserigrafico.it\/\",\"name\":\"C.S. Centro Serigrafico\",\"description\":\"Grafica industriale\",\"publisher\":{\"@id\":\"https:\/\/www.centroserigrafico.it\/#organization\"},\"potentialAction\":[{\"@type\":\"SearchAction\",\"target\":{\"@type\":\"EntryPoint\",\"urlTemplate\":\"https:\/\/www.centroserigrafico.it\/?s={search_term_string}\"},\"query-input\":{\"@type\":\"PropertyValueSpecification\",\"valueRequired\":true,\"valueName\":\"search_term_string\"}}],\"inLanguage\":\"it-IT\"},{\"@type\":\"Organization\",\"@id\":\"https:\/\/www.centroserigrafico.it\/#organization\",\"name\":\"C.S. Centro Serigrafico\",\"url\":\"https:\/\/www.centroserigrafico.it\/\",\"logo\":{\"@type\":\"ImageObject\",\"inLanguage\":\"it-IT\",\"@id\":\"https:\/\/www.centroserigrafico.it\/#\/schema\/logo\/image\/\",\"url\":\"https:\/\/www.centroserigrafico.it\/wp-content\/uploads\/logo1.png\",\"contentUrl\":\"https:\/\/www.centroserigrafico.it\/wp-content\/uploads\/logo1.png\",\"width\":1200,\"height\":1200,\"caption\":\"C.S. Centro Serigrafico\"},\"image\":{\"@id\":\"https:\/\/www.centroserigrafico.it\/#\/schema\/logo\/image\/\"}}]}<\/script>\n<!-- \/ Yoast SEO plugin. -->","yoast_head_json":{"title":"MATERIALE PLASTICO | C.S. Centro Serigrafico s.r.l. - Etichette e adesivi","description":"Materiali plastici per svariati utilizzi, nelle forme e finiture pi\u00f9 disparate, pvc rigidi, forex, plexiglass, polipropilene e non solo","robots":{"index":"index","follow":"follow","max-snippet":"max-snippet:-1","max-image-preview":"max-image-preview:large","max-video-preview":"max-video-preview:-1"},"canonical":"https:\/\/www.centroserigrafico.it\/index.php\/prodotti-materiale-plastico\/","og_locale":"it_IT","og_type":"article","og_title":"MATERIALE PLASTICO | C.S. Centro Serigrafico s.r.l. - Etichette e adesivi","og_description":"Materiali plastici per svariati utilizzi, nelle forme e finiture pi\u00f9 disparate, pvc rigidi, forex, plexiglass, polipropilene e non solo","og_url":"https:\/\/www.centroserigrafico.it\/index.php\/prodotti-materiale-plastico\/","og_site_name":"C.S. Centro Serigrafico","article_modified_time":"2022-11-25T08:28:47+00:00","twitter_card":"summary_large_image","twitter_misc":{"Tempo di lettura stimato":"2 minuti"},"schema":{"@context":"https:\/\/schema.org","@graph":[{"@type":"WebPage","@id":"https:\/\/www.centroserigrafico.it\/index.php\/prodotti-materiale-plastico\/","url":"https:\/\/www.centroserigrafico.it\/index.php\/prodotti-materiale-plastico\/","name":"MATERIALE PLASTICO | C.S. Centro Serigrafico s.r.l. - Etichette e adesivi","isPartOf":{"@id":"https:\/\/www.centroserigrafico.it\/#website"},"datePublished":"2021-03-25T09:18:46+00:00","dateModified":"2022-11-25T08:28:47+00:00","description":"Materiali plastici per svariati utilizzi, nelle forme e finiture pi\u00f9 disparate, pvc rigidi, forex, plexiglass, polipropilene e non solo","breadcrumb":{"@id":"https:\/\/www.centroserigrafico.it\/index.php\/prodotti-materiale-plastico\/#breadcrumb"},"inLanguage":"it-IT","potentialAction":[{"@type":"ReadAction","target":["https:\/\/www.centroserigrafico.it\/index.php\/prodotti-materiale-plastico\/"]}]},{"@type":"BreadcrumbList","@id":"https:\/\/www.centroserigrafico.it\/index.php\/prodotti-materiale-plastico\/#breadcrumb","itemListElement":[{"@type":"ListItem","position":1,"name":"Home","item":"https:\/\/www.centroserigrafico.it\/"},{"@type":"ListItem","position":2,"name":"PRODOTTI IN MATERIALE PLASTICO"}]},{"@type":"WebSite","@id":"https:\/\/www.centroserigrafico.it\/#website","url":"https:\/\/www.centroserigrafico.it\/","name":"C.S. Centro Serigrafico","description":"Grafica industriale","publisher":{"@id":"https:\/\/www.centroserigrafico.it\/#organization"},"potentialAction":[{"@type":"SearchAction","target":{"@type":"EntryPoint","urlTemplate":"https:\/\/www.centroserigrafico.it\/?s={search_term_string}"},"query-input":{"@type":"PropertyValueSpecification","valueRequired":true,"valueName":"search_term_string"}}],"inLanguage":"it-IT"},{"@type":"Organization","@id":"https:\/\/www.centroserigrafico.it\/#organization","name":"C.S. Centro Serigrafico","url":"https:\/\/www.centroserigrafico.it\/","logo":{"@type":"ImageObject","inLanguage":"it-IT","@id":"https:\/\/www.centroserigrafico.it\/#\/schema\/logo\/image\/","url":"https:\/\/www.centroserigrafico.it\/wp-content\/uploads\/logo1.png","contentUrl":"https:\/\/www.centroserigrafico.it\/wp-content\/uploads\/logo1.png","width":1200,"height":1200,"caption":"C.S. Centro Serigrafico"},"image":{"@id":"https:\/\/www.centroserigrafico.it\/#\/schema\/logo\/image\/"}}]}},"jetpack_sharing_enabled":true,"_links":{"self":[{"href":"https:\/\/www.centroserigrafico.it\/index.php\/wp-json\/wp\/v2\/pages\/3456","targetHints":{"allow":["GET"]}}],"collection":[{"href":"https:\/\/www.centroserigrafico.it\/index.php\/wp-json\/wp\/v2\/pages"}],"about":[{"href":"https:\/\/www.centroserigrafico.it\/index.php\/wp-json\/wp\/v2\/types\/page"}],"author":[{"embeddable":true,"href":"https:\/\/www.centroserigrafico.it\/index.php\/wp-json\/wp\/v2\/users\/1"}],"replies":[{"embeddable":true,"href":"https:\/\/www.centroserigrafico.it\/index.php\/wp-json\/wp\/v2\/comments?post=3456"}],"version-history":[{"count":30,"href":"https:\/\/www.centroserigrafico.it\/index.php\/wp-json\/wp\/v2\/pages\/3456\/revisions"}],"predecessor-version":[{"id":4278,"href":"https:\/\/www.centroserigrafico.it\/index.php\/wp-json\/wp\/v2\/pages\/3456\/revisions\/4278"}],"wp:attachment":[{"href":"https:\/\/www.centroserigrafico.it\/index.php\/wp-json\/wp\/v2\/media?parent=3456"}],"curies":[{"name":"wp","href":"https:\/\/api.w.org\/{rel}","templated":true}]}}